{"id":6,"date":"2017-05-18T08:44:11","date_gmt":"2017-05-18T08:44:11","guid":{"rendered":"http:\/\/themes.uxbarn.com\/wp\/darren-dummy\/?page_id=2"},"modified":"2020-05-11T14:17:40","modified_gmt":"2020-05-11T12:17:40","slug":"about-michal-hejna","status":"publish","type":"page","link":"https:\/\/michalhejna.cz\/blog\/about-michal-hejna\/","title":{"rendered":"MICHAL HEJNA"},"content":{"rendered":"\n<p>More: <a href=\"https:\/\/michalhejna.cz\/blog\/artist-statement\/\">Artist Statement<\/a>, <a href=\"https:\/\/michalhejna.cz\/publishing\/\">Publishing<\/a>, <a href=\"https:\/\/michalhejna.cz\/blog\/books\/\">Books<\/a><\/p>\n\n\n<p>* 1962, Czech Republic<\/p>\n<p>I took my first photographic steps in a&nbsp;darkroom with my father, when I was 15 years old. The smell of the photographic developer and the birth of an image in the red darkness charmed me. Starting with 35&nbsp;mm film I&nbsp;also tried medium and large format negatives later.<\/p>\n<p>The breakthrough came at the beginning of 2002 when I&nbsp;won a&nbsp;prize in the national competition and switched to digital photography. Gradually, I&nbsp;was returning to the use of the photographic film in 2009 as I&nbsp;started capturing&nbsp;a&nbsp;part of my landscape photography with a&nbsp;medium-format camera. This period took&nbsp;2&nbsp;years and then I&nbsp;moved back to the digital. At the beginning of 2018 photographic film and analogue created a&nbsp;part of my work again.<\/p>\n<p>Currently, I have been intensively dealing with the possibilities of using panoramic images as a&nbsp;means of expression. I&nbsp;chose Noblex panoramic cameras with rotating lenses. I&nbsp;also continue the Fine Art Photography projects simultaneously.<\/p>\n<p>Once I wrote about myself:<\/p>\n<blockquote>\n<p>The world around is a&nbsp;great challenge for me. Lines and shapes, light and shadow. And colours with all their shades. And also mutual relations between people and things surrounding us in everyday life. All this makes me bring my eye to the camera\u2019s viewfinder and try to capture the beauty all around. When I&nbsp;am not photographing for some time, my right index finger starts being restless. Then I&nbsp;cannot stand it anymore and I&nbsp;need to go out again and press the shutter button at least a few times.<\/p>\n<\/blockquote>\n\n\n<hr class=\"wp-block-separator\"\/>\n\n\n\n<p><br>Sv\u00e9 prvn\u00ed fotografick\u00e9 kr\u016f\u010dky jsem absolvoval se sv\u00fdm otcem. V\u016fn\u011b v\u00fdvojky a&nbsp;zrozen\u00ed obr\u00e1zku v\u202f \u010derven\u00e9m p\u0159\u00edtm\u00ed temn\u00e9 komory mn\u011b u\u010darovaly. Za\u010d\u00ednal jsem s&nbsp;kinofilmem, ale pozd\u011bji jsem fotografoval tak\u00e9 na&nbsp;st\u0159edn\u00ed a&nbsp;velk\u00fd form\u00e1t negativ\u016f.<\/p>\n\n\n\n<p>Z\u00e1sadn\u00ed zlom p\u0159i\u0161el v&nbsp;roce 2002, kdy jsem d\u00edky v\u00fdh\u0159e v&nbsp;celost\u00e1tn\u00ed sout\u011b\u017ei ze dne na&nbsp;den p\u0159e\u0161el na&nbsp;digit\u00e1l. Dlouh\u00e9 roky se digit\u00e1ln\u00ed zobrazov\u00e1n\u00ed stalo m\u00fdm jedin\u00fdm v\u00fdrazov\u00fdm prost\u0159edkem. Pozvoln\u00fd n\u00e1vrat k\u202ffilmu se odehr\u00e1l a\u017e po&nbsp;del\u0161\u00ed dob\u011b v \u202froce 2009, kdy jsem za\u010dal \u010d\u00e1st sv\u00e9 krajin\u00e1\u0159sk\u00e9 tvorby realizovat st\u0159edoform\u00e1tovou analogovou kamerou. Po&nbsp;t\u00e9to krat\u0161\u00ed dvoulet\u00e9 epizod\u011b jsem op\u011bt fotografoval pouze digit\u00e1ln\u011b, abych se za\u010d\u00e1tkem roku 2018 znovu postupn\u011b za\u010dal vracet v \u202f\u010d\u00e1sti sv\u00e9 tvorby k&nbsp;filmu a&nbsp;analogu.<\/p>\n\n\n\n<p>Aktu\u00e1ln\u011b se intenz\u00edvn\u011b zab\u00fdv\u00e1m mo\u017enostmi panoramatick\u00e9 fotografie. Pro svou pr\u00e1ci jsem zvolil fotoapar\u00e1ty Noblex s&nbsp;rotuj\u00edc\u00edmi objektivy. Soub\u011b\u017en\u011b pokra\u010duji v&nbsp;dal\u0161\u00edch projektech Fine Art Photography.<\/p>\n\n\n\n<p>Jednou jsem s\u00e1m o&nbsp;sob\u011b napsal:<\/p>\n\n\n\n<blockquote class=\"wp-block-quote is-layout-flow wp-block-quote-is-layout-flow\"><p>Okoln\u00ed sv\u011bt je pro m\u011b velk\u00e1 v\u00fdzva. Linie a&nbsp;tvary, sv\u011btlo a&nbsp;st\u00edn. A&nbsp;barvy se v\u0161emi jejich odst\u00edny. A&nbsp;tak\u00e9 vz\u00e1jemn\u00e9 vztahy mezi lidmi a&nbsp;v\u011bcmi, kter\u00e9 n\u00e1s obklopuj\u00ed p\u0159i ka\u017edodenn\u00edm \u017eivot\u011b. Tohle v\u0161echno m\u011b nut\u00ed p\u0159ilo\u017eit oko k&nbsp;hled\u00e1\u010dku kamery a&nbsp;pokusit se zachytit tu n\u00e1dheru v\u0161ude kolem. Kdy\u017e n\u011bjak\u00fd \u010das nefotografuji, za\u010dne m\u011b svrb\u011bt ukazov\u00e1\u010dek prav\u00e9 ruky. Potom se mnou nen\u00ed k&nbsp;vydr\u017een\u00ed a&nbsp;j\u00e1 zase mus\u00edm vyrazit ven a&nbsp;alespo\u0148 p\u00e1rkr\u00e1t stisknout spou\u0161\u0165.<\/p><\/blockquote>\n","protected":false},"excerpt":{"rendered":"<p>More: Artist Statement, Publishing, Books * 1962, Czech Republic I took my first photographic steps in a&nbsp;darkroom with my father, when I was 15 years old. The smell of the photographic developer and the birth of an image in the red darkness charmed me. Starting with 35&nbsp;mm film I&nbsp;also tried medium and large format negatives [&hellip;]<\/p>\n","protected":false},"author":1,"featured_media":195,"parent":0,"menu_order":0,"comment_status":"closed","ping_status":"open","template":"","meta":{"footnotes":""},"class_list":["post-6","page","type-page","status-publish","has-post-thumbnail","hentry"],"yoast_head":"<!-- This site is optimized with the Yoast SEO plugin v25.7 - https:\/\/yoast.com\/wordpress\/plugins\/seo\/ -->\n<title>MICHAL HEJNA - Michal Hejna<\/title>\n<meta name=\"robots\" content=\"index, follow, max-snippet:-1, max-image-preview:large, max-video-preview:-1\" \/>\n<link rel=\"canonical\" href=\"https:\/\/michalhejna.cz\/blog\/about-michal-hejna\/\" \/>\n<meta property=\"og:locale\" content=\"cs_CZ\" \/>\n<meta property=\"og:type\" content=\"article\" \/>\n<meta property=\"og:title\" content=\"MICHAL HEJNA - Michal Hejna\" \/>\n<meta property=\"og:description\" content=\"More: Artist Statement, Publishing, Books * 1962, Czech Republic I took my first photographic steps in a&nbsp;darkroom with my father, when I was 15 years old. The smell of the photographic developer and the birth of an image in the red darkness charmed me. Starting with 35&nbsp;mm film I&nbsp;also tried medium and large format negatives [&hellip;]\" \/>\n<meta property=\"og:url\" content=\"https:\/\/michalhejna.cz\/blog\/about-michal-hejna\/\" \/>\n<meta property=\"og:site_name\" content=\"Michal Hejna\" \/>\n<meta property=\"article:modified_time\" content=\"2020-05-11T12:17:40+00:00\" \/>\n<meta property=\"og:image\" content=\"https:\/\/i1.wp.com\/michalhejna.cz\/blog\/wp-content\/uploads\/2020\/04\/mh.jpg?fit=300%2C300&ssl=1\" \/>\n\t<meta property=\"og:image:width\" content=\"300\" \/>\n\t<meta property=\"og:image:height\" content=\"300\" \/>\n\t<meta property=\"og:image:type\" content=\"image\/jpeg\" \/>\n<meta name=\"twitter:card\" content=\"summary_large_image\" \/>\n<meta name=\"twitter:label1\" content=\"Odhadovan\u00e1 doba \u010dten\u00ed\" \/>\n\t<meta name=\"twitter:data1\" content=\"3 minuty\" \/>\n<script type=\"application\/ld+json\" class=\"yoast-schema-graph\">{\"@context\":\"https:\/\/schema.org\",\"@graph\":[{\"@type\":\"WebPage\",\"@id\":\"https:\/\/michalhejna.cz\/blog\/about-michal-hejna\/\",\"url\":\"https:\/\/michalhejna.cz\/blog\/about-michal-hejna\/\",\"name\":\"MICHAL HEJNA - Michal Hejna\",\"isPartOf\":{\"@id\":\"https:\/\/michalhejna.cz\/blog\/#website\"},\"primaryImageOfPage\":{\"@id\":\"https:\/\/michalhejna.cz\/blog\/about-michal-hejna\/#primaryimage\"},\"image\":{\"@id\":\"https:\/\/michalhejna.cz\/blog\/about-michal-hejna\/#primaryimage\"},\"thumbnailUrl\":\"https:\/\/i0.wp.com\/michalhejna.cz\/blog\/wp-content\/uploads\/2020\/04\/mh.jpg?fit=300%2C300&ssl=1\",\"datePublished\":\"2017-05-18T08:44:11+00:00\",\"dateModified\":\"2020-05-11T12:17:40+00:00\",\"breadcrumb\":{\"@id\":\"https:\/\/michalhejna.cz\/blog\/about-michal-hejna\/#breadcrumb\"},\"inLanguage\":\"cs\",\"potentialAction\":[{\"@type\":\"ReadAction\",\"target\":[\"https:\/\/michalhejna.cz\/blog\/about-michal-hejna\/\"]}]},{\"@type\":\"ImageObject\",\"inLanguage\":\"cs\",\"@id\":\"https:\/\/michalhejna.cz\/blog\/about-michal-hejna\/#primaryimage\",\"url\":\"https:\/\/i0.wp.com\/michalhejna.cz\/blog\/wp-content\/uploads\/2020\/04\/mh.jpg?fit=300%2C300&ssl=1\",\"contentUrl\":\"https:\/\/i0.wp.com\/michalhejna.cz\/blog\/wp-content\/uploads\/2020\/04\/mh.jpg?fit=300%2C300&ssl=1\",\"width\":300,\"height\":300},{\"@type\":\"BreadcrumbList\",\"@id\":\"https:\/\/michalhejna.cz\/blog\/about-michal-hejna\/#breadcrumb\",\"itemListElement\":[{\"@type\":\"ListItem\",\"position\":1,\"name\":\"Dom\u016f\",\"item\":\"https:\/\/michalhejna.cz\/blog\/\"},{\"@type\":\"ListItem\",\"position\":2,\"name\":\"MICHAL HEJNA\"}]},{\"@type\":\"WebSite\",\"@id\":\"https:\/\/michalhejna.cz\/blog\/#website\",\"url\":\"https:\/\/michalhejna.cz\/blog\/\",\"name\":\"Michal Hejna\",\"description\":\"\",\"publisher\":{\"@id\":\"https:\/\/michalhejna.cz\/blog\/#\/schema\/person\/6d1d95e2413952dd3b1ce433f4d3013c\"},\"potentialAction\":[{\"@type\":\"SearchAction\",\"target\":{\"@type\":\"EntryPoint\",\"urlTemplate\":\"https:\/\/michalhejna.cz\/blog\/?s={search_term_string}\"},\"query-input\":{\"@type\":\"PropertyValueSpecification\",\"valueRequired\":true,\"valueName\":\"search_term_string\"}}],\"inLanguage\":\"cs\"},{\"@type\":[\"Person\",\"Organization\"],\"@id\":\"https:\/\/michalhejna.cz\/blog\/#\/schema\/person\/6d1d95e2413952dd3b1ce433f4d3013c\",\"name\":\"michalhejna\",\"image\":{\"@type\":\"ImageObject\",\"inLanguage\":\"cs\",\"@id\":\"https:\/\/michalhejna.cz\/blog\/#\/schema\/person\/image\/\",\"url\":\"https:\/\/secure.gravatar.com\/avatar\/53fd5d6debe3b4e72a445ca6eb79d014d4ff11065e3c4480522ab099a9498895?s=96&d=mm&r=g\",\"contentUrl\":\"https:\/\/secure.gravatar.com\/avatar\/53fd5d6debe3b4e72a445ca6eb79d014d4ff11065e3c4480522ab099a9498895?s=96&d=mm&r=g\",\"caption\":\"michalhejna\"},\"logo\":{\"@id\":\"https:\/\/michalhejna.cz\/blog\/#\/schema\/person\/image\/\"},\"sameAs\":[\"http:\/\/michalhejna.cz\/blog\"]}]}<\/script>\n<!-- \/ Yoast SEO plugin. -->","yoast_head_json":{"title":"MICHAL HEJNA - Michal Hejna","robots":{"index":"index","follow":"follow","max-snippet":"max-snippet:-1","max-image-preview":"max-image-preview:large","max-video-preview":"max-video-preview:-1"},"canonical":"https:\/\/michalhejna.cz\/blog\/about-michal-hejna\/","og_locale":"cs_CZ","og_type":"article","og_title":"MICHAL HEJNA - Michal Hejna","og_description":"More: Artist Statement, Publishing, Books * 1962, Czech Republic I took my first photographic steps in a&nbsp;darkroom with my father, when I was 15 years old. The smell of the photographic developer and the birth of an image in the red darkness charmed me. Starting with 35&nbsp;mm film I&nbsp;also tried medium and large format negatives [&hellip;]","og_url":"https:\/\/michalhejna.cz\/blog\/about-michal-hejna\/","og_site_name":"Michal Hejna","article_modified_time":"2020-05-11T12:17:40+00:00","og_image":[{"width":300,"height":300,"url":"https:\/\/i1.wp.com\/michalhejna.cz\/blog\/wp-content\/uploads\/2020\/04\/mh.jpg?fit=300%2C300&ssl=1","type":"image\/jpeg"}],"twitter_card":"summary_large_image","twitter_misc":{"Odhadovan\u00e1 doba \u010dten\u00ed":"3 minuty"},"schema":{"@context":"https:\/\/schema.org","@graph":[{"@type":"WebPage","@id":"https:\/\/michalhejna.cz\/blog\/about-michal-hejna\/","url":"https:\/\/michalhejna.cz\/blog\/about-michal-hejna\/","name":"MICHAL HEJNA - Michal Hejna","isPartOf":{"@id":"https:\/\/michalhejna.cz\/blog\/#website"},"primaryImageOfPage":{"@id":"https:\/\/michalhejna.cz\/blog\/about-michal-hejna\/#primaryimage"},"image":{"@id":"https:\/\/michalhejna.cz\/blog\/about-michal-hejna\/#primaryimage"},"thumbnailUrl":"https:\/\/i0.wp.com\/michalhejna.cz\/blog\/wp-content\/uploads\/2020\/04\/mh.jpg?fit=300%2C300&ssl=1","datePublished":"2017-05-18T08:44:11+00:00","dateModified":"2020-05-11T12:17:40+00:00","breadcrumb":{"@id":"https:\/\/michalhejna.cz\/blog\/about-michal-hejna\/#breadcrumb"},"inLanguage":"cs","potentialAction":[{"@type":"ReadAction","target":["https:\/\/michalhejna.cz\/blog\/about-michal-hejna\/"]}]},{"@type":"ImageObject","inLanguage":"cs","@id":"https:\/\/michalhejna.cz\/blog\/about-michal-hejna\/#primaryimage","url":"https:\/\/i0.wp.com\/michalhejna.cz\/blog\/wp-content\/uploads\/2020\/04\/mh.jpg?fit=300%2C300&ssl=1","contentUrl":"https:\/\/i0.wp.com\/michalhejna.cz\/blog\/wp-content\/uploads\/2020\/04\/mh.jpg?fit=300%2C300&ssl=1","width":300,"height":300},{"@type":"BreadcrumbList","@id":"https:\/\/michalhejna.cz\/blog\/about-michal-hejna\/#breadcrumb","itemListElement":[{"@type":"ListItem","position":1,"name":"Dom\u016f","item":"https:\/\/michalhejna.cz\/blog\/"},{"@type":"ListItem","position":2,"name":"MICHAL HEJNA"}]},{"@type":"WebSite","@id":"https:\/\/michalhejna.cz\/blog\/#website","url":"https:\/\/michalhejna.cz\/blog\/","name":"Michal Hejna","description":"","publisher":{"@id":"https:\/\/michalhejna.cz\/blog\/#\/schema\/person\/6d1d95e2413952dd3b1ce433f4d3013c"},"potentialAction":[{"@type":"SearchAction","target":{"@type":"EntryPoint","urlTemplate":"https:\/\/michalhejna.cz\/blog\/?s={search_term_string}"},"query-input":{"@type":"PropertyValueSpecification","valueRequired":true,"valueName":"search_term_string"}}],"inLanguage":"cs"},{"@type":["Person","Organization"],"@id":"https:\/\/michalhejna.cz\/blog\/#\/schema\/person\/6d1d95e2413952dd3b1ce433f4d3013c","name":"michalhejna","image":{"@type":"ImageObject","inLanguage":"cs","@id":"https:\/\/michalhejna.cz\/blog\/#\/schema\/person\/image\/","url":"https:\/\/secure.gravatar.com\/avatar\/53fd5d6debe3b4e72a445ca6eb79d014d4ff11065e3c4480522ab099a9498895?s=96&d=mm&r=g","contentUrl":"https:\/\/secure.gravatar.com\/avatar\/53fd5d6debe3b4e72a445ca6eb79d014d4ff11065e3c4480522ab099a9498895?s=96&d=mm&r=g","caption":"michalhejna"},"logo":{"@id":"https:\/\/michalhejna.cz\/blog\/#\/schema\/person\/image\/"},"sameAs":["http:\/\/michalhejna.cz\/blog"]}]}},"jetpack_sharing_enabled":true,"post_mailing_queue_ids":[],"_links":{"self":[{"href":"https:\/\/michalhejna.cz\/blog\/wp-json\/wp\/v2\/pages\/6","targetHints":{"allow":["GET"]}}],"collection":[{"href":"https:\/\/michalhejna.cz\/blog\/wp-json\/wp\/v2\/pages"}],"about":[{"href":"https:\/\/michalhejna.cz\/blog\/wp-json\/wp\/v2\/types\/page"}],"author":[{"embeddable":true,"href":"https:\/\/michalhejna.cz\/blog\/wp-json\/wp\/v2\/users\/1"}],"replies":[{"embeddable":true,"href":"https:\/\/michalhejna.cz\/blog\/wp-json\/wp\/v2\/comments?post=6"}],"version-history":[{"count":27,"href":"https:\/\/michalhejna.cz\/blog\/wp-json\/wp\/v2\/pages\/6\/revisions"}],"predecessor-version":[{"id":411,"href":"https:\/\/michalhejna.cz\/blog\/wp-json\/wp\/v2\/pages\/6\/revisions\/411"}],"wp:featuredmedia":[{"embeddable":true,"href":"https:\/\/michalhejna.cz\/blog\/wp-json\/wp\/v2\/media\/195"}],"wp:attachment":[{"href":"https:\/\/michalhejna.cz\/blog\/wp-json\/wp\/v2\/media?parent=6"}],"curies":[{"name":"wp","href":"https:\/\/api.w.org\/{rel}","templated":true}]}}