{"id":389,"date":"2020-05-11T13:35:11","date_gmt":"2020-05-11T11:35:11","guid":{"rendered":"https:\/\/michalhejna.cz\/blog\/?page_id=389"},"modified":"2021-12-23T10:15:21","modified_gmt":"2021-12-23T09:15:21","slug":"books","status":"publish","type":"page","link":"https:\/\/michalhejna.cz\/blog\/books\/","title":{"rendered":"BOOKS"},"content":{"rendered":"\n<p>More: <a href=\"https:\/\/michalhejna.cz\/blog\/artist-statement\/\">Artist Statement<\/a>, <a href=\"https:\/\/michalhejna.cz\/blog\/about-michal-hejna\/\">Short Biography<\/a>, <a href=\"https:\/\/michalhejna.cz\/publishing\/\">Publishing<\/a><\/p>\n\n\n\n<h3 class=\"wp-block-heading\">LANDSCAPES OF IMAGINATION \/ KRAJINY IMAGINACE (2021)<\/h3>\n\n\n\n<p>Although photography is inherently dependent on reality in front of a camera, the only depiction of reality does not satisfy me. I was looking for glowing light and deep shadows in my Landscapes of Imagination.\u00a0I\u00a0found inspiration for this cycle in the paintings of the Czech painters V\u00e1clav Bo\u0161t\u00edk and Josef \u0160\u00edma.<\/p>\n\n\n\n<div class=\"wp-block-image\"><figure class=\"aligncenter size-large is-resized\"><a href=\"https:\/\/www.blurb.com\/b\/10860305-krajiny-imaginace\" target=\"_blank\" rel=\"noopener\"><img data-recalc-dims=\"1\" loading=\"lazy\" decoding=\"async\" src=\"https:\/\/i0.wp.com\/michalhejna.cz\/blog\/wp-content\/uploads\/2021\/12\/kniha_krajiny-imaginace.png?resize=768%2C768&#038;ssl=1\" alt=\"obal knihy krajiny imaginace\" class=\"wp-image-4057\" width=\"768\" height=\"768\" srcset=\"https:\/\/i0.wp.com\/michalhejna.cz\/blog\/wp-content\/uploads\/2021\/12\/kniha_krajiny-imaginace.png?resize=1024%2C1024&amp;ssl=1 1024w, https:\/\/i0.wp.com\/michalhejna.cz\/blog\/wp-content\/uploads\/2021\/12\/kniha_krajiny-imaginace.png?resize=300%2C300&amp;ssl=1 300w, https:\/\/i0.wp.com\/michalhejna.cz\/blog\/wp-content\/uploads\/2021\/12\/kniha_krajiny-imaginace.png?resize=150%2C150&amp;ssl=1 150w, https:\/\/i0.wp.com\/michalhejna.cz\/blog\/wp-content\/uploads\/2021\/12\/kniha_krajiny-imaginace.png?resize=768%2C768&amp;ssl=1 768w, https:\/\/i0.wp.com\/michalhejna.cz\/blog\/wp-content\/uploads\/2021\/12\/kniha_krajiny-imaginace.png?resize=1536%2C1536&amp;ssl=1 1536w, https:\/\/i0.wp.com\/michalhejna.cz\/blog\/wp-content\/uploads\/2021\/12\/kniha_krajiny-imaginace.png?resize=600%2C600&amp;ssl=1 600w, https:\/\/i0.wp.com\/michalhejna.cz\/blog\/wp-content\/uploads\/2021\/12\/kniha_krajiny-imaginace.png?resize=100%2C100&amp;ssl=1 100w, https:\/\/i0.wp.com\/michalhejna.cz\/blog\/wp-content\/uploads\/2021\/12\/kniha_krajiny-imaginace.png?resize=630%2C630&amp;ssl=1 630w, https:\/\/i0.wp.com\/michalhejna.cz\/blog\/wp-content\/uploads\/2021\/12\/kniha_krajiny-imaginace.png?w=1796&amp;ssl=1 1796w\" sizes=\"auto, (max-width: 768px) 100vw, 768px\" \/><\/a><\/figure><\/div>\n\n\n\n<p>A\u010dkoli je fotografie ze sv\u00e9 podstaty z\u00e1visl\u00e1 na sn\u00edman\u00e9 realit\u011b, pouh\u00e9 zobrazov\u00e1n\u00ed reality mi nesta\u010d\u00ed. V\u00a0Krajin\u00e1ch imaginace jsem hledal z\u00e1\u0159\u00edc\u00ed sv\u011btlo i\u00a0hlubok\u00e9 st\u00edny. Inspiraci k\u00a0tomuto cyklu jsem na\u0161el v\u00a0malb\u00e1ch \u010desk\u00fdch mal\u00ed\u0159\u016f V\u00e1clava Bo\u0161t\u00edka a Josefa \u0160\u00edmy.<\/p>\n\n\n\n<h3 class=\"wp-block-heading\">HOW I MET PEOPLE \/ JAK JSEM POTKAL LIDI (2020)<\/h3>\n\n\n\n<p>Six Years in the Streets. 90 black and white photographs.<br>Motto: &#8222;The streets of big cities are the crossroads of life where human destinies intersect.&#8220;<\/p>\n\n\n\n<figure class=\"wp-block-image size-large\"><a href=\"https:\/\/www.blurb.com\/b\/9995384-how-i-met-people-jak-jsem-potkal-lidi\" target=\"_blank\" rel=\"noopener\"><img data-recalc-dims=\"1\" loading=\"lazy\" decoding=\"async\" width=\"1024\" height=\"866\" src=\"https:\/\/i0.wp.com\/michalhejna.cz\/blog\/wp-content\/uploads\/2021\/04\/jak-jsem-potkal-lidi.png?resize=1024%2C866&#038;ssl=1\" alt=\"obal knihy jak jsem potkal lidi\" class=\"wp-image-2889\" srcset=\"https:\/\/i0.wp.com\/michalhejna.cz\/blog\/wp-content\/uploads\/2021\/04\/jak-jsem-potkal-lidi.png?resize=1024%2C866&amp;ssl=1 1024w, https:\/\/i0.wp.com\/michalhejna.cz\/blog\/wp-content\/uploads\/2021\/04\/jak-jsem-potkal-lidi.png?resize=300%2C254&amp;ssl=1 300w, https:\/\/i0.wp.com\/michalhejna.cz\/blog\/wp-content\/uploads\/2021\/04\/jak-jsem-potkal-lidi.png?resize=768%2C650&amp;ssl=1 768w, https:\/\/i0.wp.com\/michalhejna.cz\/blog\/wp-content\/uploads\/2021\/04\/jak-jsem-potkal-lidi.png?resize=600%2C508&amp;ssl=1 600w, https:\/\/i0.wp.com\/michalhejna.cz\/blog\/wp-content\/uploads\/2021\/04\/jak-jsem-potkal-lidi.png?resize=630%2C533&amp;ssl=1 630w, https:\/\/i0.wp.com\/michalhejna.cz\/blog\/wp-content\/uploads\/2021\/04\/jak-jsem-potkal-lidi.png?resize=709%2C600&amp;ssl=1 709w, https:\/\/i0.wp.com\/michalhejna.cz\/blog\/wp-content\/uploads\/2021\/04\/jak-jsem-potkal-lidi.png?w=1222&amp;ssl=1 1222w\" sizes=\"auto, (max-width: 1000px) 100vw, 1000px\" \/><\/a><\/figure>\n\n\n\n<p>\u0160est let v ulic\u00edch. V\u00fdb\u011br 90 \u010dernob\u00edl\u00fdch fotografi\u00ed.<br>Moto: &#8222;Ulice velkom\u011bst jsou k\u0159i\u017eovatky \u017eivota, na kter\u00fdch se prot\u00ednaj\u00ed lidsk\u00e9 osudy&#8220;<\/p>\n\n\n\n<h3 class=\"wp-block-heading\">UNSUSPECTED CONNECTIONS \/ NETU\u0160EN\u00c9 SOUVISLOSTI (2011)<\/h3>\n\n\n\n<p>In a completely mechanical way and often without long preparation, I record various situations of everyday life and also things that touch me and trigger my interest. Fleetingly and unobserved. After some time, the collected pictures are paired. Mistakes and dead ends. Yes, it is me \u2026 Suddenly surprised, I discover UNSUSPECTED CONNECTIONS and eagerly write down ideas that emerge when I first see new links. Two plots occurring at a different moment at two different places become one story. It is a game and a process at the same time. Searching and connecting randomly observed pictures, based on the similarity of shapes or situations. This attracts me to photography. An infinite variety of ways to handle the infinite number of possibilities.<\/p>\n\n\n\n<figure class=\"wp-block-image size-large\"><a href=\"https:\/\/www.blurb.com\/b\/2590674-unsuspected-connections-netu-en-souvislosti\" target=\"_blank\" rel=\"noopener\"><img data-recalc-dims=\"1\" loading=\"lazy\" decoding=\"async\" width=\"1024\" height=\"867\" src=\"https:\/\/i0.wp.com\/michalhejna.cz\/blog\/wp-content\/uploads\/2021\/04\/netusene-souvislosti.png?resize=1024%2C867&#038;ssl=1\" alt=\"obal knihy netu\u0161en\u00e9 souvislosti\" class=\"wp-image-2890\" srcset=\"https:\/\/i0.wp.com\/michalhejna.cz\/blog\/wp-content\/uploads\/2021\/04\/netusene-souvislosti.png?resize=1024%2C867&amp;ssl=1 1024w, https:\/\/i0.wp.com\/michalhejna.cz\/blog\/wp-content\/uploads\/2021\/04\/netusene-souvislosti.png?resize=300%2C254&amp;ssl=1 300w, https:\/\/i0.wp.com\/michalhejna.cz\/blog\/wp-content\/uploads\/2021\/04\/netusene-souvislosti.png?resize=768%2C650&amp;ssl=1 768w, https:\/\/i0.wp.com\/michalhejna.cz\/blog\/wp-content\/uploads\/2021\/04\/netusene-souvislosti.png?resize=600%2C508&amp;ssl=1 600w, https:\/\/i0.wp.com\/michalhejna.cz\/blog\/wp-content\/uploads\/2021\/04\/netusene-souvislosti.png?resize=630%2C534&amp;ssl=1 630w, https:\/\/i0.wp.com\/michalhejna.cz\/blog\/wp-content\/uploads\/2021\/04\/netusene-souvislosti.png?resize=708%2C600&amp;ssl=1 708w, https:\/\/i0.wp.com\/michalhejna.cz\/blog\/wp-content\/uploads\/2021\/04\/netusene-souvislosti.png?w=1372&amp;ssl=1 1372w\" sizes=\"auto, (max-width: 1000px) 100vw, 1000px\" \/><\/a><\/figure>\n\n\n\n<p>Zcela mechanicky a \u010dasto bez dlouh\u00e9 p\u0159\u00edpravy zaznamen\u00e1v\u00e1m rozli\u010dn\u00e9 situace ka\u017edodenn\u00edho \u017eivota a tak\u00e9 v\u011bci, kter\u00e9 m\u011b n\u011bjak\u00fdm zp\u016fsobem oslov\u00ed a zaujmou. Letmo a nepozorov\u00e1n. Po \u010dase skl\u00e1d\u00e1m nakupen\u00e9 obrazy do dvojic. Omyly a slep\u00e9 uli\u010dky. To jsem cel\u00fd j\u00e1. V n\u00e1hl\u00e9m \u00fadivu spat\u0159uji p\u0159edem NETU\u0160EN\u00c9 SOUVISLOSTI a nedo\u010dkav\u011b zaznamen\u00e1v\u00e1m my\u0161lenky, kter\u00e9 se vyno\u0159uj\u00ed p\u0159i prvn\u00edm pohledu na nov\u00e1 spojen\u00ed. Dva d\u011bje, odehr\u00e1vaj\u00edc\u00ed se v jin\u00e9m \u010dase na dvou r\u016fzn\u00fdch m\u00edstech, st\u00e1vaj\u00ed se jedn\u00edm p\u0159\u00edb\u011bhem. Je to hra i proces z\u00e1rove\u0148. Hled\u00e1n\u00ed a spojov\u00e1n\u00ed n\u00e1hodn\u011b vid\u011bn\u00fdch obraz\u016f na z\u00e1klad\u011b podobnosti tvar\u016f \u010di situac\u00ed. Tohle m\u011b na fotografii p\u0159itahuje. Nekone\u010dno mo\u017enost\u00ed, jak nalo\u017eit s nekone\u010dnem p\u0159\u00edle\u017eitost\u00ed.<\/p>\n","protected":false},"excerpt":{"rendered":"<p>More: Artist Statement, Short Biography, Publishing LANDSCAPES OF IMAGINATION \/ KRAJINY IMAGINACE (2021) Although photography is inherently dependent on reality in front of a camera, the only depiction of reality does not satisfy me. I was looking for glowing light and deep shadows in my Landscapes of Imagination.\u00a0I\u00a0found inspiration for this cycle in the paintings [&hellip;]<\/p>\n","protected":false},"author":1,"featured_media":195,"parent":0,"menu_order":0,"comment_status":"closed","ping_status":"closed","template":"","meta":{"footnotes":""},"class_list":["post-389","page","type-page","status-publish","has-post-thumbnail","hentry"],"yoast_head":"<!-- This site is optimized with the Yoast SEO plugin v27.4 - https:\/\/yoast.com\/product\/yoast-seo-wordpress\/ -->\n<title>BOOKS - Michal Hejna<\/title>\n<meta name=\"robots\" content=\"index, follow, max-snippet:-1, max-image-preview:large, max-video-preview:-1\" \/>\n<link rel=\"canonical\" href=\"https:\/\/michalhejna.cz\/blog\/books\/\" \/>\n<meta property=\"og:locale\" content=\"cs_CZ\" \/>\n<meta property=\"og:type\" content=\"article\" \/>\n<meta property=\"og:title\" content=\"BOOKS - Michal Hejna\" \/>\n<meta property=\"og:description\" content=\"More: Artist Statement, Short Biography, Publishing LANDSCAPES OF IMAGINATION \/ KRAJINY IMAGINACE (2021) Although photography is inherently dependent on reality in front of a camera, the only depiction of reality does not satisfy me. I was looking for glowing light and deep shadows in my Landscapes of Imagination.\u00a0I\u00a0found inspiration for this cycle in the paintings [&hellip;]\" \/>\n<meta property=\"og:url\" content=\"https:\/\/michalhejna.cz\/blog\/books\/\" \/>\n<meta property=\"og:site_name\" content=\"Michal Hejna\" \/>\n<meta property=\"article:modified_time\" content=\"2021-12-23T09:15:21+00:00\" \/>\n<meta property=\"og:image\" content=\"https:\/\/michalhejna.cz\/blog\/wp-content\/uploads\/2020\/04\/mh.jpg\" \/>\n\t<meta property=\"og:image:width\" content=\"300\" \/>\n\t<meta property=\"og:image:height\" content=\"300\" \/>\n\t<meta property=\"og:image:type\" content=\"image\/jpeg\" \/>\n<meta name=\"twitter:card\" content=\"summary_large_image\" \/>\n<meta name=\"twitter:label1\" content=\"Odhadovan\u00e1 doba \u010dten\u00ed\" \/>\n\t<meta name=\"twitter:data1\" content=\"3 minuty\" \/>\n<script type=\"application\/ld+json\" class=\"yoast-schema-graph\">{\"@context\":\"https:\\\/\\\/schema.org\",\"@graph\":[{\"@type\":\"WebPage\",\"@id\":\"https:\\\/\\\/michalhejna.cz\\\/blog\\\/books\\\/\",\"url\":\"https:\\\/\\\/michalhejna.cz\\\/blog\\\/books\\\/\",\"name\":\"BOOKS - Michal Hejna\",\"isPartOf\":{\"@id\":\"https:\\\/\\\/michalhejna.cz\\\/blog\\\/#website\"},\"primaryImageOfPage\":{\"@id\":\"https:\\\/\\\/michalhejna.cz\\\/blog\\\/books\\\/#primaryimage\"},\"image\":{\"@id\":\"https:\\\/\\\/michalhejna.cz\\\/blog\\\/books\\\/#primaryimage\"},\"thumbnailUrl\":\"https:\\\/\\\/i0.wp.com\\\/michalhejna.cz\\\/blog\\\/wp-content\\\/uploads\\\/2020\\\/04\\\/mh.jpg?fit=300%2C300&ssl=1\",\"datePublished\":\"2020-05-11T11:35:11+00:00\",\"dateModified\":\"2021-12-23T09:15:21+00:00\",\"breadcrumb\":{\"@id\":\"https:\\\/\\\/michalhejna.cz\\\/blog\\\/books\\\/#breadcrumb\"},\"inLanguage\":\"cs\",\"potentialAction\":[{\"@type\":\"ReadAction\",\"target\":[\"https:\\\/\\\/michalhejna.cz\\\/blog\\\/books\\\/\"]}]},{\"@type\":\"ImageObject\",\"inLanguage\":\"cs\",\"@id\":\"https:\\\/\\\/michalhejna.cz\\\/blog\\\/books\\\/#primaryimage\",\"url\":\"https:\\\/\\\/i0.wp.com\\\/michalhejna.cz\\\/blog\\\/wp-content\\\/uploads\\\/2020\\\/04\\\/mh.jpg?fit=300%2C300&ssl=1\",\"contentUrl\":\"https:\\\/\\\/i0.wp.com\\\/michalhejna.cz\\\/blog\\\/wp-content\\\/uploads\\\/2020\\\/04\\\/mh.jpg?fit=300%2C300&ssl=1\",\"width\":300,\"height\":300},{\"@type\":\"BreadcrumbList\",\"@id\":\"https:\\\/\\\/michalhejna.cz\\\/blog\\\/books\\\/#breadcrumb\",\"itemListElement\":[{\"@type\":\"ListItem\",\"position\":1,\"name\":\"Dom\u016f\",\"item\":\"https:\\\/\\\/michalhejna.cz\\\/blog\\\/\"},{\"@type\":\"ListItem\",\"position\":2,\"name\":\"BOOKS\"}]},{\"@type\":\"WebSite\",\"@id\":\"https:\\\/\\\/michalhejna.cz\\\/blog\\\/#website\",\"url\":\"https:\\\/\\\/michalhejna.cz\\\/blog\\\/\",\"name\":\"Michal Hejna\",\"description\":\"\",\"publisher\":{\"@id\":\"https:\\\/\\\/michalhejna.cz\\\/blog\\\/#\\\/schema\\\/person\\\/6d1d95e2413952dd3b1ce433f4d3013c\"},\"potentialAction\":[{\"@type\":\"SearchAction\",\"target\":{\"@type\":\"EntryPoint\",\"urlTemplate\":\"https:\\\/\\\/michalhejna.cz\\\/blog\\\/?s={search_term_string}\"},\"query-input\":{\"@type\":\"PropertyValueSpecification\",\"valueRequired\":true,\"valueName\":\"search_term_string\"}}],\"inLanguage\":\"cs\"},{\"@type\":[\"Person\",\"Organization\"],\"@id\":\"https:\\\/\\\/michalhejna.cz\\\/blog\\\/#\\\/schema\\\/person\\\/6d1d95e2413952dd3b1ce433f4d3013c\",\"name\":\"michalhejna\",\"image\":{\"@type\":\"ImageObject\",\"inLanguage\":\"cs\",\"@id\":\"https:\\\/\\\/secure.gravatar.com\\\/avatar\\\/53fd5d6debe3b4e72a445ca6eb79d014d4ff11065e3c4480522ab099a9498895?s=96&d=mm&r=g\",\"url\":\"https:\\\/\\\/secure.gravatar.com\\\/avatar\\\/53fd5d6debe3b4e72a445ca6eb79d014d4ff11065e3c4480522ab099a9498895?s=96&d=mm&r=g\",\"contentUrl\":\"https:\\\/\\\/secure.gravatar.com\\\/avatar\\\/53fd5d6debe3b4e72a445ca6eb79d014d4ff11065e3c4480522ab099a9498895?s=96&d=mm&r=g\",\"caption\":\"michalhejna\"},\"logo\":{\"@id\":\"https:\\\/\\\/secure.gravatar.com\\\/avatar\\\/53fd5d6debe3b4e72a445ca6eb79d014d4ff11065e3c4480522ab099a9498895?s=96&d=mm&r=g\"},\"sameAs\":[\"http:\\\/\\\/michalhejna.cz\\\/blog\"]}]}<\/script>\n<!-- \/ Yoast SEO plugin. -->","yoast_head_json":{"title":"BOOKS - Michal Hejna","robots":{"index":"index","follow":"follow","max-snippet":"max-snippet:-1","max-image-preview":"max-image-preview:large","max-video-preview":"max-video-preview:-1"},"canonical":"https:\/\/michalhejna.cz\/blog\/books\/","og_locale":"cs_CZ","og_type":"article","og_title":"BOOKS - Michal Hejna","og_description":"More: Artist Statement, Short Biography, Publishing LANDSCAPES OF IMAGINATION \/ KRAJINY IMAGINACE (2021) Although photography is inherently dependent on reality in front of a camera, the only depiction of reality does not satisfy me. I was looking for glowing light and deep shadows in my Landscapes of Imagination.\u00a0I\u00a0found inspiration for this cycle in the paintings [&hellip;]","og_url":"https:\/\/michalhejna.cz\/blog\/books\/","og_site_name":"Michal Hejna","article_modified_time":"2021-12-23T09:15:21+00:00","og_image":[{"width":300,"height":300,"url":"https:\/\/michalhejna.cz\/blog\/wp-content\/uploads\/2020\/04\/mh.jpg","type":"image\/jpeg"}],"twitter_card":"summary_large_image","twitter_misc":{"Odhadovan\u00e1 doba \u010dten\u00ed":"3 minuty"},"schema":{"@context":"https:\/\/schema.org","@graph":[{"@type":"WebPage","@id":"https:\/\/michalhejna.cz\/blog\/books\/","url":"https:\/\/michalhejna.cz\/blog\/books\/","name":"BOOKS - Michal Hejna","isPartOf":{"@id":"https:\/\/michalhejna.cz\/blog\/#website"},"primaryImageOfPage":{"@id":"https:\/\/michalhejna.cz\/blog\/books\/#primaryimage"},"image":{"@id":"https:\/\/michalhejna.cz\/blog\/books\/#primaryimage"},"thumbnailUrl":"https:\/\/i0.wp.com\/michalhejna.cz\/blog\/wp-content\/uploads\/2020\/04\/mh.jpg?fit=300%2C300&ssl=1","datePublished":"2020-05-11T11:35:11+00:00","dateModified":"2021-12-23T09:15:21+00:00","breadcrumb":{"@id":"https:\/\/michalhejna.cz\/blog\/books\/#breadcrumb"},"inLanguage":"cs","potentialAction":[{"@type":"ReadAction","target":["https:\/\/michalhejna.cz\/blog\/books\/"]}]},{"@type":"ImageObject","inLanguage":"cs","@id":"https:\/\/michalhejna.cz\/blog\/books\/#primaryimage","url":"https:\/\/i0.wp.com\/michalhejna.cz\/blog\/wp-content\/uploads\/2020\/04\/mh.jpg?fit=300%2C300&ssl=1","contentUrl":"https:\/\/i0.wp.com\/michalhejna.cz\/blog\/wp-content\/uploads\/2020\/04\/mh.jpg?fit=300%2C300&ssl=1","width":300,"height":300},{"@type":"BreadcrumbList","@id":"https:\/\/michalhejna.cz\/blog\/books\/#breadcrumb","itemListElement":[{"@type":"ListItem","position":1,"name":"Dom\u016f","item":"https:\/\/michalhejna.cz\/blog\/"},{"@type":"ListItem","position":2,"name":"BOOKS"}]},{"@type":"WebSite","@id":"https:\/\/michalhejna.cz\/blog\/#website","url":"https:\/\/michalhejna.cz\/blog\/","name":"Michal Hejna","description":"","publisher":{"@id":"https:\/\/michalhejna.cz\/blog\/#\/schema\/person\/6d1d95e2413952dd3b1ce433f4d3013c"},"potentialAction":[{"@type":"SearchAction","target":{"@type":"EntryPoint","urlTemplate":"https:\/\/michalhejna.cz\/blog\/?s={search_term_string}"},"query-input":{"@type":"PropertyValueSpecification","valueRequired":true,"valueName":"search_term_string"}}],"inLanguage":"cs"},{"@type":["Person","Organization"],"@id":"https:\/\/michalhejna.cz\/blog\/#\/schema\/person\/6d1d95e2413952dd3b1ce433f4d3013c","name":"michalhejna","image":{"@type":"ImageObject","inLanguage":"cs","@id":"https:\/\/secure.gravatar.com\/avatar\/53fd5d6debe3b4e72a445ca6eb79d014d4ff11065e3c4480522ab099a9498895?s=96&d=mm&r=g","url":"https:\/\/secure.gravatar.com\/avatar\/53fd5d6debe3b4e72a445ca6eb79d014d4ff11065e3c4480522ab099a9498895?s=96&d=mm&r=g","contentUrl":"https:\/\/secure.gravatar.com\/avatar\/53fd5d6debe3b4e72a445ca6eb79d014d4ff11065e3c4480522ab099a9498895?s=96&d=mm&r=g","caption":"michalhejna"},"logo":{"@id":"https:\/\/secure.gravatar.com\/avatar\/53fd5d6debe3b4e72a445ca6eb79d014d4ff11065e3c4480522ab099a9498895?s=96&d=mm&r=g"},"sameAs":["http:\/\/michalhejna.cz\/blog"]}]}},"jetpack_sharing_enabled":true,"post_mailing_queue_ids":[],"_links":{"self":[{"href":"https:\/\/michalhejna.cz\/blog\/wp-json\/wp\/v2\/pages\/389","targetHints":{"allow":["GET"]}}],"collection":[{"href":"https:\/\/michalhejna.cz\/blog\/wp-json\/wp\/v2\/pages"}],"about":[{"href":"https:\/\/michalhejna.cz\/blog\/wp-json\/wp\/v2\/types\/page"}],"author":[{"embeddable":true,"href":"https:\/\/michalhejna.cz\/blog\/wp-json\/wp\/v2\/users\/1"}],"replies":[{"embeddable":true,"href":"https:\/\/michalhejna.cz\/blog\/wp-json\/wp\/v2\/comments?post=389"}],"version-history":[{"count":37,"href":"https:\/\/michalhejna.cz\/blog\/wp-json\/wp\/v2\/pages\/389\/revisions"}],"predecessor-version":[{"id":4062,"href":"https:\/\/michalhejna.cz\/blog\/wp-json\/wp\/v2\/pages\/389\/revisions\/4062"}],"wp:featuredmedia":[{"embeddable":true,"href":"https:\/\/michalhejna.cz\/blog\/wp-json\/wp\/v2\/media\/195"}],"wp:attachment":[{"href":"https:\/\/michalhejna.cz\/blog\/wp-json\/wp\/v2\/media?parent=389"}],"curies":[{"name":"wp","href":"https:\/\/api.w.org\/{rel}","templated":true}]}}